{"id":669,"date":"2024-05-11T04:15:50","date_gmt":"2024-05-11T07:15:50","guid":{"rendered":"http:\/\/habanaboxing.cl\/cerroelplomo\/?post_type=product&#038;p=669"},"modified":"2026-04-19T21:17:00","modified_gmt":"2026-04-20T00:17:00","slug":"plan-trimestral-2","status":"publish","type":"product","link":"https:\/\/habanaboxing.cl\/egana\/producto\/plan-trimestral-2\/","title":{"rendered":"Plan trimestral Alumno nuevo"},"content":{"rendered":"<p data-start=\"112\" data-end=\"172\"><strong data-start=\"112\" data-end=\"172\">Entrena sin l\u00edmites y s\u00e9 parte de la comunidad Habana \ud83e\udd4a<\/strong><\/p>\n<p data-start=\"174\" data-end=\"292\">\u2714 Acceso a todas nuestras clases grupales de lunes a s\u00e1bado<br data-start=\"233\" data-end=\"236\" \/>\u2714 Disfruta de beneficios y convenios exclusivos Habana<\/p>\n<p data-start=\"294\" data-end=\"394\">Al contratar este plan, obtienes <strong data-start=\"327\" data-end=\"362\">1 mes adicional por solo $1.000<\/strong>, ya incluido en el valor total.<\/p>\n<p data-start=\"396\" data-end=\"447\">\ud83d\udcc5 <strong data-start=\"399\" data-end=\"428\">Vigencia de la promoci\u00f3n:<\/strong> del 19-04 al 30-04<\/p>\n<p data-start=\"302\" data-end=\"399\">\n","protected":false},"excerpt":{"rendered":"<p data-start=\"0\" data-end=\"36\">\ud83d\udca5 <strong data-start=\"3\" data-end=\"36\">Plan Trimestral Habana Boxing<\/strong><\/p>\n<p data-start=\"38\" data-end=\"96\">Entrena sin l\u00edmites y s\u00e9 parte de la comunidad Habana \ud83e\udd4a<\/p>\n<p data-start=\"98\" data-end=\"256\">Durante 3 meses tendr\u00e1s acceso completo para vivir la experiencia Habana, mejorar tu t\u00e9cnica, potenciar tu resistencia y transformar tu energ\u00eda en cada clase.<\/p>\n<p data-start=\"258\" data-end=\"478\">\u2714 Acceso a todas nuestras clases grupales de lunes a s\u00e1bado<br data-start=\"317\" data-end=\"320\" \/>\u2714 Uso de beneficios y convenios exclusivos Habana<br data-start=\"369\" data-end=\"372\" \/>\u2714 Entrenamiento guiado por coaches especializados<br data-start=\"421\" data-end=\"424\" \/>\u2714 Comunidad que te motiva a dar siempre un round m\u00e1s<\/p>\n<p data-start=\"578\" data-end=\"631\">M\u00e1s constancia.<br data-start=\"593\" data-end=\"596\" \/>M\u00e1s disciplina.<br data-start=\"611\" data-end=\"614\" \/>M\u00e1s resultados.<\/p>\n<p data-start=\"633\" data-end=\"667\" data-is-last-node=\"\" data-is-only-node=\"\"><strong data-start=\"633\" data-end=\"667\" data-is-last-node=\"\">Habana Boxing, cambia tu vida.<\/strong><\/p>\n","protected":false},"featured_media":1176,"comment_status":"open","ping_status":"closed","template":"","meta":{"_acf_changed":false},"product_brand":[],"product_cat":[33],"product_tag":[],"class_list":{"0":"post-669","1":"product","2":"type-product","3":"status-publish","4":"has-post-thumbnail","6":"product_cat-plan-trimestral","8":"first","9":"instock","10":"sale","11":"taxable","12":"shipping-taxable","13":"purchasable","14":"product-type-simple"},"acf":[],"_links":{"self":[{"href":"https:\/\/habanaboxing.cl\/egana\/wp-json\/wp\/v2\/product\/669","targetHints":{"allow":["GET"]}}],"collection":[{"href":"https:\/\/habanaboxing.cl\/egana\/wp-json\/wp\/v2\/product"}],"about":[{"href":"https:\/\/habanaboxing.cl\/egana\/wp-json\/wp\/v2\/types\/product"}],"replies":[{"embeddable":true,"href":"https:\/\/habanaboxing.cl\/egana\/wp-json\/wp\/v2\/comments?post=669"}],"wp:featuredmedia":[{"embeddable":true,"href":"https:\/\/habanaboxing.cl\/egana\/wp-json\/wp\/v2\/media\/1176"}],"wp:attachment":[{"href":"https:\/\/habanaboxing.cl\/egana\/wp-json\/wp\/v2\/media?parent=669"}],"wp:term":[{"taxonomy":"product_brand","embeddable":true,"href":"https:\/\/habanaboxing.cl\/egana\/wp-json\/wp\/v2\/product_brand?post=669"},{"taxonomy":"product_cat","embeddable":true,"href":"https:\/\/habanaboxing.cl\/egana\/wp-json\/wp\/v2\/product_cat?post=669"},{"taxonomy":"product_tag","embeddable":true,"href":"https:\/\/habanaboxing.cl\/egana\/wp-json\/wp\/v2\/product_tag?post=669"}],"curies":[{"name":"wp","href":"https:\/\/api.w.org\/{rel}","templated":true}]}}